{"id":2128,"date":"2022-11-04T14:16:27","date_gmt":"2022-11-04T14:16:27","guid":{"rendered":"https:\/\/enviro.udd.cl\/?page_id=2128"},"modified":"2023-12-14T17:56:42","modified_gmt":"2023-12-14T17:56:42","slug":"encuentro-sensores","status":"publish","type":"page","link":"https:\/\/enviro.udd.cl\/?page_id=2128","title":{"rendered":"Encuentro 2023"},"content":{"rendered":"\t\t<div data-elementor-type=\"wp-page\" data-elementor-id=\"2128\" class=\"elementor elementor-2128\">\n\t\t\t\t\t\t\t\t\t<section class=\"elementor-section elementor-top-section elementor-element elementor-element-aeaceff elementor-section-height-min-height elementor-section-boxed elementor-section-height-default elementor-section-items-middle\" data-id=\"aeaceff\" data-element_type=\"section\" data-settings=\"{&quot;background_background&quot;:&quot;classic&quot;}\">\n\t\t\t\t\t\t<div class=\"elementor-container elementor-column-gap-default\">\n\t\t\t\t\t<div class=\"elementor-column elementor-col-100 elementor-top-column elementor-element elementor-element-050a3b5\" data-id=\"050a3b5\" data-element_type=\"column\">\n\t\t\t<div class=\"elementor-widget-wrap elementor-element-populated\">\n\t\t\t\t\t\t\t\t<div class=\"elementor-element elementor-element-2ae2858 elementor-headline--style-rotate elementor-widget elementor-widget-animated-headline\" data-id=\"2ae2858\" data-element_type=\"widget\" data-settings=\"{&quot;headline_style&quot;:&quot;rotate&quot;,&quot;animation_type&quot;:&quot;clip&quot;,&quot;rotating_text&quot;:&quot;Sensores\\n2023\\nMonitoreo\\nSalud Ambiental\\n2023\\nContaminantes emergentes&quot;,&quot;loop&quot;:&quot;yes&quot;,&quot;rotate_iteration_delay&quot;:2500}\" data-widget_type=\"animated-headline.default\">\n\t\t\t\t<div class=\"elementor-widget-container\">\n\t\t\t<link rel=\"stylesheet\" href=\"https:\/\/enviro.udd.cl\/wp-content\/plugins\/elementor-pro\/assets\/css\/widget-animated-headline.min.css\"\/>\t\t<h3 class=\"elementor-headline elementor-headline-animation-type-clip\">\n\t\t\t\t\t<span class=\"elementor-headline-plain-text elementor-headline-text-wrapper\">Encuentro<\/span>\n\t\t\t\t<span class=\"elementor-headline-dynamic-wrapper elementor-headline-text-wrapper\">\n\t\t\t\t\t<span class=\"elementor-headline-dynamic-text elementor-headline-text-active\">\n\t\t\t\tSensores\t\t\t<\/span>\n\t\t\t\t\t<span class=\"elementor-headline-dynamic-text\">\n\t\t\t\t2023\t\t\t<\/span>\n\t\t\t\t\t<span class=\"elementor-headline-dynamic-text\">\n\t\t\t\tMonitoreo\t\t\t<\/span>\n\t\t\t\t\t<span class=\"elementor-headline-dynamic-text\">\n\t\t\t\tSalud&nbsp;Ambiental\t\t\t<\/span>\n\t\t\t\t\t<span class=\"elementor-headline-dynamic-text\">\n\t\t\t\t2023\t\t\t<\/span>\n\t\t\t\t\t<span class=\"elementor-headline-dynamic-text\">\n\t\t\t\tContaminantes&nbsp;emergentes\t\t\t<\/span>\n\t\t\t\t\t\t<\/span>\n\t\t\t\t<\/h3>\n\t\t\t\t<\/div>\n\t\t\t\t<\/div>\n\t\t\t\t\t<\/div>\n\t\t<\/div>\n\t\t\t\t\t\t\t<\/div>\n\t\t<\/section>\n\t\t\t\t<section class=\"elementor-section elementor-top-section elementor-element elementor-element-e47ec05 elementor-section-boxed elementor-section-height-default elementor-section-height-default\" data-id=\"e47ec05\" data-element_type=\"section\">\n\t\t\t\t\t\t<div class=\"elementor-container elementor-column-gap-default\">\n\t\t\t\t\t<div class=\"elementor-column elementor-col-100 elementor-top-column elementor-element elementor-element-29111ad\" data-id=\"29111ad\" data-element_type=\"column\">\n\t\t\t<div class=\"elementor-widget-wrap elementor-element-populated\">\n\t\t\t\t\t\t\t\t<div class=\"elementor-element elementor-element-d7d2558 elementor-widget elementor-widget-spacer\" data-id=\"d7d2558\" data-element_type=\"widget\" data-widget_type=\"spacer.default\">\n\t\t\t\t<div class=\"elementor-widget-container\">\n\t\t\t<style>\/*! elementor - v3.7.8 - 02-10-2022 *\/\n.elementor-column .elementor-spacer-inner{height:var(--spacer-size)}.e-container{--container-widget-width:100%}.e-container>.elementor-widget-spacer{width:var(--container-widget-width,var(--spacer-size));-ms-flex-item-align:stretch;align-self:stretch;-ms-flex-negative:0;flex-shrink:0}.e-container>.elementor-widget-spacer>.elementor-widget-container,.e-container>.elementor-widget-spacer>.elementor-widget-container>.elementor-spacer{height:100%}.e-container>.elementor-widget-spacer>.elementor-widget-container>.elementor-spacer>.elementor-spacer-inner{height:var(--container-widget-height,var(--spacer-size))}<\/style>\t\t<div class=\"elementor-spacer\">\n\t\t\t<div class=\"elementor-spacer-inner\"><\/div>\n\t\t<\/div>\n\t\t\t\t<\/div>\n\t\t\t\t<\/div>\n\t\t\t\t<section class=\"elementor-section elementor-inner-section elementor-element elementor-element-7cf55f5 elementor-section-boxed elementor-section-height-default elementor-section-height-default\" data-id=\"7cf55f5\" data-element_type=\"section\">\n\t\t\t\t\t\t<div class=\"elementor-container elementor-column-gap-default\">\n\t\t\t\t\t<div class=\"elementor-column elementor-col-50 elementor-inner-column elementor-element elementor-element-0081d74\" data-id=\"0081d74\" data-element_type=\"column\">\n\t\t\t<div class=\"elementor-widget-wrap elementor-element-populated\">\n\t\t\t\t\t\t\t\t<div class=\"elementor-element elementor-element-e0cd9ba elementor-widget elementor-widget-text-editor\" data-id=\"e0cd9ba\" data-element_type=\"widget\" data-widget_type=\"text-editor.default\">\n\t\t\t\t<div class=\"elementor-widget-container\">\n\t\t\t<style>\/*! elementor - v3.7.8 - 02-10-2022 *\/\n.elementor-widget-text-editor.elementor-drop-cap-view-stacked .elementor-drop-cap{background-color:#818a91;color:#fff}.elementor-widget-text-editor.elementor-drop-cap-view-framed .elementor-drop-cap{color:#818a91;border:3px solid;background-color:transparent}.elementor-widget-text-editor:not(.elementor-drop-cap-view-default) .elementor-drop-cap{margin-top:8px}.elementor-widget-text-editor:not(.elementor-drop-cap-view-default) .elementor-drop-cap-letter{width:1em;height:1em}.elementor-widget-text-editor .elementor-drop-cap{float:left;text-align:center;line-height:1;font-size:50px}.elementor-widget-text-editor .elementor-drop-cap-letter{display:inline-block}<\/style>\t\t\t\tEl segundo <strong>Encuentro Nacional de Monitoreo y Sensores para Salud Ambiental<\/strong> es una actividad que pretende agrupar a la comunidad cient\u00edfica, p\u00fablica y privada interesada en calidad de data y nuevos acercamientos de colecta y de monitoreo ambiental.<br \/>\n\nDespu\u00e9s del primer encuentro en el 2022, en esta ocasi\u00f3n el Encuentro se desarrollar\u00e1 durante los meses de Noviembre y Diciembre 2023 con una serie de actividades que comprender\u00e1n: talleres t\u00e9cnicos, visitas a laboratorios, charlas y conferencias, presentaci\u00f3n de proyectos y casos de estudio en Chile, mesas redondas de conversaci\u00f3n y actividades sociales. Los t\u00f3picos principales que se cubrir\u00e1n en este segundo evento son:\n<ol>\n \t<li>Modelamiento, data remota y colecta local de informaci\u00f3n ambiental.<\/li>\n \t<li>Salud humana y salud ambiental: desaf\u00edos actuales.<\/li>\n \t<li>Aumentando la resoluci\u00f3n de las mediciones locales, redes de sensores y otros acercamientos.<\/li>\n \t<li>Desaf\u00edos y consideraciones socio-ambientales.<\/li>\n<\/ol>\nLa agenda y detalle de este encuentro se encontraran en esta p\u00e1gina web.\t\t\t\t\t\t<\/div>\n\t\t\t\t<\/div>\n\t\t\t\t\t<\/div>\n\t\t<\/div>\n\t\t\t\t<div class=\"elementor-column elementor-col-50 elementor-inner-column elementor-element elementor-element-709d84b\" data-id=\"709d84b\" data-element_type=\"column\">\n\t\t\t<div class=\"elementor-widget-wrap elementor-element-populated\">\n\t\t\t\t\t\t\t\t<div class=\"elementor-element elementor-element-598bf82 elementor-widget elementor-widget-image\" data-id=\"598bf82\" data-element_type=\"widget\" data-widget_type=\"image.default\">\n\t\t\t\t<div class=\"elementor-widget-container\">\n\t\t\t<style>\/*! elementor - v3.7.8 - 02-10-2022 *\/\n.elementor-widget-image{text-align:center}.elementor-widget-image a{display:inline-block}.elementor-widget-image a img[src$=\".svg\"]{width:48px}.elementor-widget-image img{vertical-align:middle;display:inline-block}<\/style>\t\t\t\t\t\t\t\t\t\t\t\t<img src=\"https:\/\/enviro.udd.cl\/wp-content\/uploads\/2023\/10\/WhatsApp-Image-2023-10-25-at-13.16.37.jpeg\" title=\"WhatsApp Image 2023-10-25 at 13.16.37\" alt=\"2023\" \/>\t\t\t\t\t\t\t\t\t\t\t\t\t\t\t<\/div>\n\t\t\t\t<\/div>\n\t\t\t\t<div class=\"elementor-element elementor-element-2cbec3b elementor-widget elementor-widget-heading\" data-id=\"2cbec3b\" data-element_type=\"widget\" data-widget_type=\"heading.default\">\n\t\t\t\t<div class=\"elementor-widget-container\">\n\t\t\t<style>\/*! elementor - v3.7.8 - 02-10-2022 *\/\n.elementor-heading-title{padding:0;margin:0;line-height:1}.elementor-widget-heading .elementor-heading-title[class*=elementor-size-]>a{color:inherit;font-size:inherit;line-height:inherit}.elementor-widget-heading .elementor-heading-title.elementor-size-small{font-size:15px}.elementor-widget-heading .elementor-heading-title.elementor-size-medium{font-size:19px}.elementor-widget-heading .elementor-heading-title.elementor-size-large{font-size:29px}.elementor-widget-heading .elementor-heading-title.elementor-size-xl{font-size:39px}.elementor-widget-heading .elementor-heading-title.elementor-size-xxl{font-size:59px}<\/style><h3 class=\"elementor-heading-title elementor-size-default\">Revisa el video resumen del Encuentro del a\u00f1o pasado (primera versi\u00f3n 2022)<\/h3>\t\t<\/div>\n\t\t\t\t<\/div>\n\t\t\t\t<div class=\"elementor-element elementor-element-52654d4 elementor-aspect-ratio-169 elementor-widget elementor-widget-video\" data-id=\"52654d4\" data-element_type=\"widget\" data-settings=\"{&quot;youtube_url&quot;:&quot;https:\\\/\\\/www.youtube.com\\\/watch?app=desktop&amp;v=0Q15zaqBaxI&amp;feature=emb_logo&amp;ab_channel=Direcci%C3%B3ndeInnovaci%C3%B3n-Ingenier%C3%ADaUDD&quot;,&quot;autoplay&quot;:&quot;yes&quot;,&quot;play_on_mobile&quot;:&quot;yes&quot;,&quot;mute&quot;:&quot;yes&quot;,&quot;video_type&quot;:&quot;youtube&quot;,&quot;controls&quot;:&quot;yes&quot;,&quot;aspect_ratio&quot;:&quot;169&quot;}\" data-widget_type=\"video.default\">\n\t\t\t\t<div class=\"elementor-widget-container\">\n\t\t\t<style>\/*! elementor - v3.7.8 - 02-10-2022 *\/\n.elementor-widget-video .elementor-widget-container{overflow:hidden;-webkit-transform:translateZ(0);transform:translateZ(0)}.elementor-widget-video .elementor-open-inline .elementor-custom-embed-image-overlay{position:absolute;top:0;left:0;width:100%;height:100%;background-size:cover;background-position:50%}.elementor-widget-video .elementor-custom-embed-image-overlay{cursor:pointer;text-align:center}.elementor-widget-video .elementor-custom-embed-image-overlay:hover .elementor-custom-embed-play i{opacity:1}.elementor-widget-video .elementor-custom-embed-image-overlay img{display:block;width:100%}.elementor-widget-video .e-hosted-video .elementor-video{-o-object-fit:cover;object-fit:cover}.e-container>.elementor-widget-video{width:var(--container-widget-width,100%)}<\/style>\t\t<div class=\"elementor-wrapper elementor-fit-aspect-ratio elementor-open-inline\">\n\t\t\t<div class=\"elementor-video\"><\/div>\t\t<\/div>\n\t\t\t\t<\/div>\n\t\t\t\t<\/div>\n\t\t\t\t\t<\/div>\n\t\t<\/div>\n\t\t\t\t\t\t\t<\/div>\n\t\t<\/section>\n\t\t\t\t<div class=\"elementor-element elementor-element-a8256fa elementor-widget elementor-widget-heading\" data-id=\"a8256fa\" data-element_type=\"widget\" data-widget_type=\"heading.default\">\n\t\t\t\t<div class=\"elementor-widget-container\">\n\t\t\t<h1 class=\"elementor-heading-title elementor-size-xl\">Agenda<\/h1>\t\t<\/div>\n\t\t\t\t<\/div>\n\t\t\t\t<div class=\"elementor-element elementor-element-1564fdf elementor-widget elementor-widget-spacer\" data-id=\"1564fdf\" data-element_type=\"widget\" data-widget_type=\"spacer.default\">\n\t\t\t\t<div class=\"elementor-widget-container\">\n\t\t\t\t\t<div class=\"elementor-spacer\">\n\t\t\t<div class=\"elementor-spacer-inner\"><\/div>\n\t\t<\/div>\n\t\t\t\t<\/div>\n\t\t\t\t<\/div>\n\t\t\t\t<div class=\"elementor-element elementor-element-856e02f elementor-widget elementor-widget-spacer\" data-id=\"856e02f\" data-element_type=\"widget\" data-widget_type=\"spacer.default\">\n\t\t\t\t<div class=\"elementor-widget-container\">\n\t\t\t\t\t<div class=\"elementor-spacer\">\n\t\t\t<div class=\"elementor-spacer-inner\"><\/div>\n\t\t<\/div>\n\t\t\t\t<\/div>\n\t\t\t\t<\/div>\n\t\t\t\t<div class=\"elementor-element elementor-element-3e15a70 elementor-widget elementor-widget-heading\" data-id=\"3e15a70\" data-element_type=\"widget\" data-widget_type=\"heading.default\">\n\t\t\t\t<div class=\"elementor-widget-container\">\n\t\t\t<h2 class=\"elementor-heading-title elementor-size-default\">11-12 Diciembre<\/h2>\t\t<\/div>\n\t\t\t\t<\/div>\n\t\t\t\t<section class=\"elementor-section elementor-inner-section elementor-element elementor-element-3ac7245 elementor-section-boxed elementor-section-height-default elementor-section-height-default\" data-id=\"3ac7245\" data-element_type=\"section\">\n\t\t\t\t\t\t<div class=\"elementor-container elementor-column-gap-default\">\n\t\t\t\t\t<div class=\"elementor-column elementor-col-50 elementor-inner-column elementor-element elementor-element-1f05537\" data-id=\"1f05537\" data-element_type=\"column\">\n\t\t\t<div class=\"elementor-widget-wrap elementor-element-populated\">\n\t\t\t\t\t\t\t\t<div class=\"elementor-element elementor-element-10735ab elementor-widget elementor-widget-text-editor\" data-id=\"10735ab\" data-element_type=\"widget\" data-widget_type=\"text-editor.default\">\n\t\t\t\t<div class=\"elementor-widget-container\">\n\t\t\t\t\t\t\t<p><b>8th Annual IIES Science and Policy workshop: Critical Mineral, Communities and environment<\/b><\/p><p>El encuentro internacional organizado por el International Institute for Environmental Studies de la Universidad de Edimburgo ocurrir\u00e1 por primera vez en Chile y la segunda sesi\u00f3n (12 de noviembre) se acoplar\u00e1 a las actividades de el Encuentro Nacional.\u00a0<\/p><p>M\u00e1s informaci\u00f3n sobre esta conferencia internacional en este <a href=\"https:\/\/ii-es.com\/events\/8th-annual-iies-science-policy-workshop\/\">link<\/a>.\u00a0<\/p>\t\t\t\t\t\t<\/div>\n\t\t\t\t<\/div>\n\t\t\t\t<div class=\"elementor-element elementor-element-a060951 elementor-widget elementor-widget-image\" data-id=\"a060951\" data-element_type=\"widget\" data-widget_type=\"image.default\">\n\t\t\t\t<div class=\"elementor-widget-container\">\n\t\t\t\t\t\t\t\t\t\t\t\t\t\t\t<img width=\"1024\" height=\"617\" src=\"https:\/\/enviro.udd.cl\/wp-content\/uploads\/2023\/10\/invitacion_IIES-1024x617.jpg\" class=\"attachment-large size-large\" alt=\"\" loading=\"lazy\" srcset=\"https:\/\/enviro.udd.cl\/wp-content\/uploads\/2023\/10\/invitacion_IIES-1024x617.jpg 1024w, https:\/\/enviro.udd.cl\/wp-content\/uploads\/2023\/10\/invitacion_IIES-300x181.jpg 300w, https:\/\/enviro.udd.cl\/wp-content\/uploads\/2023\/10\/invitacion_IIES-768x462.jpg 768w, https:\/\/enviro.udd.cl\/wp-content\/uploads\/2023\/10\/invitacion_IIES-1536x925.jpg 1536w, https:\/\/enviro.udd.cl\/wp-content\/uploads\/2023\/10\/invitacion_IIES.jpg 1920w\" sizes=\"(max-width: 1024px) 100vw, 1024px\" \/>\t\t\t\t\t\t\t\t\t\t\t\t\t\t\t<\/div>\n\t\t\t\t<\/div>\n\t\t\t\t\t<\/div>\n\t\t<\/div>\n\t\t\t\t<div class=\"elementor-column elementor-col-50 elementor-inner-column elementor-element elementor-element-9471693\" data-id=\"9471693\" data-element_type=\"column\">\n\t\t\t<div class=\"elementor-widget-wrap elementor-element-populated\">\n\t\t\t\t\t\t\t\t<div class=\"elementor-element elementor-element-6903db3 elementor-widget elementor-widget-text-editor\" data-id=\"6903db3\" data-element_type=\"widget\" data-widget_type=\"text-editor.default\">\n\t\t\t\t<div class=\"elementor-widget-container\">\n\t\t\t\t\t\t\t\t\t\t\t\t\t<\/div>\n\t\t\t\t<\/div>\n\t\t\t\t<div class=\"elementor-element elementor-element-7fcd502 elementor-widget elementor-widget-image\" data-id=\"7fcd502\" data-element_type=\"widget\" data-widget_type=\"image.default\">\n\t\t\t\t<div class=\"elementor-widget-container\">\n\t\t\t\t\t\t\t\t\t\t\t\t\t\t\t<img width=\"1024\" height=\"1024\" src=\"https:\/\/enviro.udd.cl\/wp-content\/uploads\/2023\/12\/11y-12-yes-1024x1024.jpg\" class=\"attachment-large size-large\" alt=\"\" loading=\"lazy\" srcset=\"https:\/\/enviro.udd.cl\/wp-content\/uploads\/2023\/12\/11y-12-yes-1024x1024.jpg 1024w, https:\/\/enviro.udd.cl\/wp-content\/uploads\/2023\/12\/11y-12-yes-300x300.jpg 300w, https:\/\/enviro.udd.cl\/wp-content\/uploads\/2023\/12\/11y-12-yes-150x150.jpg 150w, https:\/\/enviro.udd.cl\/wp-content\/uploads\/2023\/12\/11y-12-yes-768x768.jpg 768w, https:\/\/enviro.udd.cl\/wp-content\/uploads\/2023\/12\/11y-12-yes-1536x1536.jpg 1536w, https:\/\/enviro.udd.cl\/wp-content\/uploads\/2023\/12\/11y-12-yes.jpg 1600w\" sizes=\"(max-width: 1024px) 100vw, 1024px\" \/>\t\t\t\t\t\t\t\t\t\t\t\t\t\t\t<\/div>\n\t\t\t\t<\/div>\n\t\t\t\t\t<\/div>\n\t\t<\/div>\n\t\t\t\t\t\t\t<\/div>\n\t\t<\/section>\n\t\t\t\t<div class=\"elementor-element elementor-element-e62cb71 elementor-widget elementor-widget-read-more\" data-id=\"e62cb71\" data-element_type=\"widget\" data-widget_type=\"read-more.default\">\n\t\t\t\t<div class=\"elementor-widget-container\">\n\t\t\t<\/div><\/div><\/div><\/div><\/div><\/section><\/div> &hellip;<p class=\"ast-the-content-more-link\"> <a class=\"\" href=\"https:\/\/enviro.udd.cl\/?page_id=2128\"> <span class=\"screen-reader-text\">Encuentro 2023<\/span>Read More &raquo;<\/a><\/p>","protected":false},"excerpt":{"rendered":"<p>Encuentro Sensores 2023 Monitoreo Salud&nbsp;Ambiental 2023 Contaminantes&nbsp;emergentes El segundo Encuentro Nacional de Monitoreo y Sensores para Salud Ambiental es una actividad que pretende agrupar a la comunidad cient\u00edfica, p\u00fablica y privada interesada en calidad de data y nuevos acercamientos de colecta y de monitoreo ambiental. Despu\u00e9s del primer encuentro en el 2022, en esta ocasi\u00f3n &hellip;<\/p>\n<p class=\"read-more\"> <a class=\"\" href=\"https:\/\/enviro.udd.cl\/?page_id=2128\"> <span class=\"screen-reader-text\">Encuentro 2023<\/span> Read More &raquo;<\/a><\/p>\n","protected":false},"author":1,"featured_media":0,"parent":0,"menu_order":0,"comment_status":"closed","ping_status":"closed","template":"","meta":{"site-sidebar-layout":"no-sidebar","site-content-layout":"page-builder","ast-main-header-display":"","ast-hfb-above-header-display":"","ast-hfb-below-header-display":"","ast-hfb-mobile-header-display":"","site-post-title":"disabled","ast-breadcrumbs-content":"","ast-featured-img":"disabled","footer-sml-layout":"","theme-transparent-header-meta":"","adv-header-id-meta":"","stick-header-meta":"","header-above-stick-meta":"","header-main-stick-meta":"","header-below-stick-meta":""},"acf":[],"_links":{"self":[{"href":"https:\/\/enviro.udd.cl\/index.php?rest_route=\/wp\/v2\/pages\/2128"}],"collection":[{"href":"https:\/\/enviro.udd.cl\/index.php?rest_route=\/wp\/v2\/pages"}],"about":[{"href":"https:\/\/enviro.udd.cl\/index.php?rest_route=\/wp\/v2\/types\/page"}],"author":[{"embeddable":true,"href":"https:\/\/enviro.udd.cl\/index.php?rest_route=\/wp\/v2\/users\/1"}],"replies":[{"embeddable":true,"href":"https:\/\/enviro.udd.cl\/index.php?rest_route=%2Fwp%2Fv2%2Fcomments&post=2128"}],"version-history":[{"count":383,"href":"https:\/\/enviro.udd.cl\/index.php?rest_route=\/wp\/v2\/pages\/2128\/revisions"}],"predecessor-version":[{"id":2877,"href":"https:\/\/enviro.udd.cl\/index.php?rest_route=\/wp\/v2\/pages\/2128\/revisions\/2877"}],"wp:attachment":[{"href":"https:\/\/enviro.udd.cl\/index.php?rest_route=%2Fwp%2Fv2%2Fmedia&parent=2128"}],"curies":[{"name":"wp","href":"https:\/\/api.w.org\/{rel}","templated":true}]}}